{"id":38,"date":"2023-03-10T17:14:44","date_gmt":"2023-03-10T16:14:44","guid":{"rendered":"https:\/\/molde.katolsk.no\/?page_id=38"},"modified":"2025-10-03T16:07:56","modified_gmt":"2025-10-03T14:07:56","slug":"kontakt","status":"publish","type":"page","link":"https:\/\/molde.katolsk.no\/?page_id=38","title":{"rendered":"Kontakt"},"content":{"rendered":"\n<p>St. Sunniva katolske menighet, Molde<\/p>\n\n\n\n<p>org. 882.745.082<\/p>\n\n\n\n<p><img decoding=\"async\" src=\"https:\/\/www.katolsk.no\/grafikk\/adresse.gif\" alt=\"Adresse \"> St. Sunniva kirke<br><a href=\"https:\/\/www.katolsk.no\/organisasjon\/kart?UR\" data-type=\"URL\" data-id=\"https:\/\/www.katolsk.no\/organisasjon\/kart?UR\">Parkveien 25<\/a>, 6413 Molde<\/p>\n\n\n\n<p><img decoding=\"async\" src=\"https:\/\/www.katolsk.no\/grafikk\/telefon.gif\" alt=\"Telefon \"> 90802348<\/p>\n\n\n\n<p><img decoding=\"async\" src=\"https:\/\/www.katolsk.no\/grafikk\/epost.gif\" alt=\"E-post \"> <a href=\"mailto:Molde@katolsk.no\">molde@katolsk.no<\/a><\/p>\n\n\n\n<p>Bankkontonummer: 4200 43 45252<\/p>\n\n\n\n<figure class=\"wp-block-image size-large is-resized\"><img loading=\"lazy\" decoding=\"async\" width=\"1024\" height=\"479\" src=\"https:\/\/molde.katolsk.no\/wp-content\/uploads\/2025\/05\/Vipps_rgb_orange_pos.svg_-1-1024x479.png\" alt=\"\" class=\"wp-image-743\" style=\"width:76px;height:auto\" srcset=\"https:\/\/molde.katolsk.no\/wp-content\/uploads\/2025\/05\/Vipps_rgb_orange_pos.svg_-1-1024x479.png 1024w, https:\/\/molde.katolsk.no\/wp-content\/uploads\/2025\/05\/Vipps_rgb_orange_pos.svg_-1-300x140.png 300w, https:\/\/molde.katolsk.no\/wp-content\/uploads\/2025\/05\/Vipps_rgb_orange_pos.svg_-1-768x359.png 768w, https:\/\/molde.katolsk.no\/wp-content\/uploads\/2025\/05\/Vipps_rgb_orange_pos.svg_-1-1536x719.png 1536w, https:\/\/molde.katolsk.no\/wp-content\/uploads\/2025\/05\/Vipps_rgb_orange_pos.svg_-1-2048x958.png 2048w\" sizes=\"auto, (max-width: 1024px) 100vw, 1024px\" \/><\/figure>\n\n\n\n<p> <strong>602624<\/strong><\/p>\n\n\n\n<div style=\"height:23px\" aria-hidden=\"true\" class=\"wp-block-spacer\"><\/div>\n\n\n\n<hr class=\"wp-block-separator has-alpha-channel-opacity\"\/>\n\n\n\n<div style=\"height:16px\" aria-hidden=\"true\" class=\"wp-block-spacer\"><\/div>\n\n\n\n<p style=\"font-size:30px\"><strong>Sogneadministrator<\/strong>: <strong>P. Michael Fuh<\/strong> <a href=\"https:\/\/www.katolsk.no\/organisasjon\/norge\/ordener\/scj\">S.C.J<\/a><\/p>\n\n\n\n<p><em>tel: (+47) <\/em>476 86 253<\/p>\n\n\n<div class=\"wp-block-image\">\n<figure class=\"alignleft size-full is-resized\"><img decoding=\"async\" src=\"https:\/\/kristiansund.katolsk.no\/wp-content\/uploads\/2024\/07\/Michael-Fuh.jpeg\" alt=\"\" class=\"wp-image-2473\" style=\"width:225px;height:auto\"\/><\/figure>\n<\/div>\n\n\n<p><strong>P. Michael FUH<\/strong>, f\u00f8dt 1977 i Bamenda (Kamerun).<\/p>\n\n\n\n<p>Bachelor of Arts i teologi fra Saint Joseph\u2019s Theological Institute i Pietermaritzburg&nbsp;2010, og STB i teologi ved&nbsp;Saint Cyprian Theological Institute Yaound\u00e9 i 2014. Diakonviet juli 2014&nbsp;i Basilica of Mary Queen of Apostles i Yaound\u00e9, presteviet 7. februar 2015 i St John of God, Mile 4-Limb\u00e9.<\/p>\n\n\n\n<p>Tjenestegjorde&nbsp;som diakon i St Martin de Porres (Ndu) 2014\u20132015&nbsp; kapellan i St Mary\u2019s (Balikumbat) 2015\u20132017; kapellan i St Martin de Porres (Ndu) 2017\u20132021. Visepresident i en organisasjon for&nbsp;geistlige og ordensfolk i bisped\u00f8mmet Kumbo 2017\u20132021 og sogneprest i St Therese of the child Jesus (Yaound\u00e9) 2021\u20132023.<\/p>\n\n\n\n<p>Kom til Norge og Trondheim&nbsp;<a href=\"https:\/\/www.katolsk.no\/nyheter\/2023\/10\/jesu-hjerteprester-ankommer-trondheim\">26.&nbsp;oktober 2023<\/a>.<\/p>\n\n\n\n<p>Snakker fransk, engelsk og bafut.<\/p>\n\n\n\n<div style=\"height:0px\" aria-hidden=\"true\" class=\"wp-block-spacer\"><\/div>\n\n\n\n<ul class=\"wp-block-list\">\n<li><a href=\"https:\/\/www.katolsk.no\/nyheter\/2023\/05\/kunngjoring-fra-trondheim-stift\">1. september 2023<\/a>&nbsp;\u2013 Stiftskapellan i&nbsp;<a href=\"https:\/\/www.katolsk.no\/organisasjon\/mn\">Trondheim stift<\/a><\/li>\n\n\n\n<li>1. juli 2024 &#8211; 31. august&nbsp;\u2013&nbsp;kapellan i St. Eystein menihget<\/li>\n\n\n\n<li>1. september &#8211; sogneadministrator i St. Sunniva menihget<\/li>\n<\/ul>\n\n\n\n<div style=\"height:65px\" aria-hidden=\"true\" class=\"wp-block-spacer\"><\/div>\n\n\n\n<p style=\"font-size:30px\"><strong>Kapellan<\/strong>: <strong>P. Jos\u00e9 Benedito de Moraes Machado<\/strong> <strong>(\u00abBene\u00bb)<\/strong> <a href=\"https:\/\/www.katolsk.no\/organisasjon\/norge\/ordener\/scj\">S.C.J<\/a><\/p>\n\n\n\n<p><em>tel: (+47) <\/em>920 56 762<\/p>\n\n\n<div class=\"wp-block-image\">\n<figure class=\"alignleft size-full is-resized\"><img decoding=\"async\" src=\"https:\/\/kristiansund.katolsk.no\/wp-content\/uploads\/2024\/07\/P.-Bene.jpeg\" alt=\"\" class=\"wp-image-2475\" style=\"width:225px;height:auto\"\/><\/figure>\n<\/div>\n\n\n<p><strong>P. <strong>Jos\u00e9 Benedito DE MORAES MACHADO<\/strong><\/strong>, f\u00f8dt 1955 i&nbsp;Taubat\u00e9&nbsp;(S\u00e3o Paulo, Brasil).<\/p>\n\n\n\n<p>Avla f\u00f8rste l\u00f8fter i Jesu Hjerte-ordenen (\u00abDehonianerne\u00bb) 2. februar 1975. Arbeidet som geografi- og matematikkl\u00e6rer ved presteseminaret i&nbsp;Lavras&nbsp;(Minas Gerais)&nbsp;1975\u20131978. Teologistudier&nbsp;1979\u20131982 i Taubat\u00e9, hvor han ogs\u00e5 avla evige l\u00f8fter 20. mars 1982, ble vigslet til diakon 21. august 1982. Ordinert prest 15. januar 1983 samme sted av dav\u00e6rende biskop (senere kardinal)&nbsp;<a href=\"https:\/\/www.katolsk.no\/biografier\/utenriks\/scheid\">Eus\u00e9bio Scheid<\/a>&nbsp;S.C.J.<\/p>\n\n\n\n<p>Arbeidet&nbsp;1983\u20131991 ved presteseminaret i Terra Boa (Paran\u00e1), de siste seks \u00e5rene som rektor; deretter 1991\u20131994 i en menighet i et gullgraveromr\u00e5de i&nbsp;Parana\u00edta (Mato Grosso). Var i perioden&nbsp;1994\u20132014 tilknyttet Dehonianer-misjonen p\u00e5 Filippinene, b\u00e5de som kapellan, sogneprest og superior for kongregasjon i Filippinene og Vietnam. Kapellan i&nbsp;Saint Thomas More and Our Lady of the Rosary in Toronto&nbsp;(Canada)&nbsp;2014\u20132016. Sogneprest i menigheten Jesu Hellige Hjerte i&nbsp;Juruti Velho (Par\u00e1, Brasil)&nbsp;2016\u20132018. Kapellan i Hellige \u00c5nds menighet i Taubet\u00e9&nbsp;2019\u20132021.&nbsp;Tilknyttet&nbsp;en menighet i&nbsp;Varginha (Mato Grosso)&nbsp;2022\u20132023 mens han ventet p\u00e5 norsk oppholds- og arbeidstillatelse.<\/p>\n\n\n\n<p>Kom til Norge og Trondheim&nbsp;<a href=\"https:\/\/www.katolsk.no\/nyheter\/2023\/10\/jesu-hjerteprester-ankommer-trondheim\">2.&nbsp;september&nbsp;2023<\/a>.<\/p>\n\n\n\n<p>Snakker portugisisk, spansk, cebuano og engelsk. Forst\u00e5r i tillegg engelsk og fransk.<\/p>\n\n\n\n<div style=\"height:0px\" aria-hidden=\"true\" class=\"wp-block-spacer\"><\/div>\n\n\n\n<ul class=\"wp-block-list\">\n<li><a href=\"https:\/\/www.katolsk.no\/nyheter\/2023\/05\/kunngjoring-fra-trondheim-stift\">1. september 2023<\/a>&nbsp;\u2013 Stiftskapellan i&nbsp;<a href=\"https:\/\/www.katolsk.no\/organisasjon\/mn\">Trondheim stift<\/a><\/li>\n\n\n\n<li>1 juli 2024&nbsp; &#8211; 31. august \u2013&nbsp;kapellan i St. Eystein menihget<\/li>\n\n\n\n<li>1. september &#8211; kapelan i St. Sunniva menihget<\/li>\n<\/ul>\n\n\n\n<div style=\"height:65px\" aria-hidden=\"true\" class=\"wp-block-spacer\"><\/div>\n\n\n\n<p style=\"font-size:30px\"><strong>Kapellan<\/strong>: <strong>P. Vinoth Kumar Ambeth<\/strong> <a href=\"https:\/\/www.katolsk.no\/organisasjon\/norge\/ordener\/scj\">S.C.J<\/a><\/p>\n\n\n\n<p><em>tel: (+47) <\/em>908 97 456<\/p>\n\n\n<div class=\"wp-block-image\">\n<figure class=\"alignleft size-full is-resized\"><img decoding=\"async\" src=\"https:\/\/kristiansund.katolsk.no\/wp-content\/uploads\/2024\/07\/Vinoth.jpeg\" alt=\"\" class=\"wp-image-2477\" style=\"width:225px;height:auto\"\/><\/figure>\n<\/div>\n\n\n<p><strong>P. Vinoth Kumar AMBETH<\/strong>. f\u00f8dt 1988 i Chennai (Tamil Nadu, India).<\/p>\n\n\n\n<p>Inntr\u00e5dte i Jesu Hjerte-ordenen (\u00abDehonianerne\u00bb) 4. juni 2006. Studier i bl.a. filosofi (2007\u20132010) og teologi&nbsp;(2013\u20132016).<\/p>\n\n\n\n<p>Avla evige l\u00f8fter 8. desember 2018 i Aluva (Kerala), og ble diakonviet 17. april 2017 i Fort Cochin (Kerala). Ordinert til prest 24. april 2018 i&nbsp;Assumption Cathedral (Vellore, Tamil Nadu) av biskop&nbsp;Soundararaju Periyanayagam SDB.<\/p>\n\n\n\n<p>Arbeidet som kapellan i&nbsp;Chennai&nbsp;(Tamil Nadu)&nbsp;2018\u20132019&nbsp;og med formasjon&nbsp;i Chennai&nbsp;2019\u20132020.&nbsp;Tok mastergrad innen&nbsp;r\u00e5dgivning og psykoterapi 2020\u20132022.<\/p>\n\n\n\n<p>Kom til Norge og Trondheim&nbsp;<a href=\"https:\/\/www.katolsk.no\/nyheter\/2023\/10\/jesu-hjerteprester-ankommer-trondheim\">1.&nbsp;september&nbsp;2023<\/a>.<\/p>\n\n\n\n<p>Snakker tamil, telugu, malayalam og engelsk.<\/p>\n\n\n\n<div style=\"height:0px\" aria-hidden=\"true\" class=\"wp-block-spacer\"><\/div>\n\n\n\n<ul class=\"wp-block-list\">\n<li><a href=\"https:\/\/www.katolsk.no\/nyheter\/2023\/05\/kunngjoring-fra-trondheim-stift\">1. september 2023<\/a>&nbsp;\u2013 Stiftskapellan i&nbsp;<a href=\"https:\/\/www.katolsk.no\/organisasjon\/mn\">Trondheim stift<\/a><\/li>\n\n\n\n<li>1 juli 2024&nbsp; &#8211; 31. august \u2013&nbsp;kapellan i St. Eystein menihget<\/li>\n\n\n\n<li>1. september &#8211; kapelan i St. Sunniva menihget<\/li>\n<\/ul>\n\n\n\n<div style=\"height:100px\" aria-hidden=\"true\" class=\"wp-block-spacer\"><\/div>\n\n\n\n<p style=\"font-size:30px\"><strong>Missionary Servants of the Holy Trinity (M.S.H.T.)<\/strong><\/p>\n\n\n\n<p><img decoding=\"async\" src=\"https:\/\/www.katolsk.no\/grafikk\/epost.gif\" alt=\"E-post \">&nbsp;<a href=\"mailto:molde@msht.katolsk.no\">molde@msht.katolsk.no<\/a>.<br><img decoding=\"async\" src=\"https:\/\/www.katolsk.no\/grafikk\/adresse.gif\" alt=\"Adresse \">&nbsp;\u00abStella Maris\u00bb,&nbsp;<a href=\"https:\/\/www.katolsk.no\/organisasjon\/kart?UR\">Parkveien 23<\/a>, 6413 Molde<br><img decoding=\"async\" src=\"https:\/\/www.katolsk.no\/grafikk\/telefon.gif\" alt=\"Telefon \">&nbsp;95 73 19 45&nbsp;<br><br><a href=\"https:\/\/www.katolsk.no\/organisasjon\/norge\/ordener\/msht\/navneliste\">Navneliste<\/a><\/p>\n\n\n\n<div style=\"height:72px\" aria-hidden=\"true\" class=\"wp-block-spacer\"><\/div>\n\n\n\n<hr class=\"wp-block-separator has-alpha-channel-opacity\"\/>\n\n\n\n<div style=\"height:18px\" aria-hidden=\"true\" class=\"wp-block-spacer\"><\/div>\n\n\n<div class=\"wp-block-image\">\n<figure class=\"alignleft size-full\"><img loading=\"lazy\" decoding=\"async\" width=\"225\" height=\"300\" src=\"https:\/\/molde.katolsk.no\/wp-content\/uploads\/2024\/10\/foto1-225x300-1.jpg\" alt=\"\" class=\"wp-image-533\"\/><\/figure>\n<\/div>\n\n\n<h2 class=\"wp-block-heading\" style=\"font-size:30px\"><strong>Sr. Bituin A.<\/strong> <strong>BALAOING<\/strong> <a href=\"https:\/\/www.katolsk.no\/organisasjon\/norge\/ordener\/msht\"><strong>M.S.H.T.<\/strong><\/a><\/h2>\n\n\n\n<p>F\u00f8dt i Lingayen, bisped\u00f8mmet Lingayen-Dagupan p\u00e5 Filippinene i 1953. Avla sine f\u00f8rste l\u00f8fter i 1991, evige l\u00f8fter i 1998. Superior for&nbsp;<a href=\"https:\/\/www.katolsk.no\/organisasjon\/norge\/ordener\/msht\">Missionary Servants of the Holy Trinity<\/a>&nbsp;(M.S.H.T.) i&nbsp;<a href=\"https:\/\/www.katolsk.no\/organisasjon\/mn\/Molde\">Molde<\/a>&nbsp;1999-2006.<\/p>\n\n\n\n<p>Kirkelig assistent i St. Sunniva menighet i Molde&nbsp;<a href=\"https:\/\/www.katolsk.no\/nyheter\/2003\/07\/17-0001\">16. juli 2003<\/a>-2006.<\/p>\n\n\n\n<p>Forlot Norge etter \u00e5 ha blitt valgt inn i kongregasjonens generalledelse p\u00e5 Filippinene.<\/p>\n\n\n\n<p>Kom tilbake til Norge i september 2010.<\/p>\n\n\n\n<p>Superior for kommuniteten fra 5. november 2014.<\/p>\n\n\n\n<p>Privat:&nbsp;<img decoding=\"async\" src=\"https:\/\/www.katolsk.no\/grafikk\/adresse.gif\" alt=\"Adresse \">&nbsp;\u00abStella Maris\u00bb, Parkveien 23, 6413 Molde&nbsp;<img decoding=\"async\" src=\"https:\/\/www.katolsk.no\/grafikk\/telefon.gif\" alt=\"Telefon \">&nbsp;9573 1945. Epost: balaoing.bituin@yahoo.no<\/p>\n\n\n\n<div style=\"height:100px\" aria-hidden=\"true\" class=\"wp-block-spacer\"><\/div>\n\n\n\n<hr class=\"wp-block-separator has-alpha-channel-opacity\"\/>\n\n\n\n<div style=\"height:19px\" aria-hidden=\"true\" class=\"wp-block-spacer\"><\/div>\n\n\n<div class=\"wp-block-image\">\n<figure class=\"alignleft size-full\"><img loading=\"lazy\" decoding=\"async\" width=\"225\" height=\"300\" src=\"https:\/\/molde.katolsk.no\/wp-content\/uploads\/2024\/10\/foto1-225x300-1-1.jpg\" alt=\"\" class=\"wp-image-534\"\/><\/figure>\n<\/div>\n\n\n<h2 class=\"wp-block-heading\" style=\"font-size:30px\"><strong>Sr. Imelda<\/strong> <strong>MACAYA<\/strong> <a href=\"https:\/\/www.katolsk.no\/organisasjon\/norge\/ordener\/msht\"><strong>M.S.H.T.<\/strong><\/a><\/h2>\n\n\n\n<p>F\u00f8dt i Norala, South Cotabato\/Filippinene 1968. Avla f\u00f8rste l\u00f8fter i kongregasjonen Missionary Servants of the Holy Trinity i 1995, evige l\u00f8fter den&nbsp;<a href=\"https:\/\/www.katolsk.no\/nyheter\/2000\/05\/31-0001\">27. mai 2000<\/a>&nbsp;i&nbsp;<a href=\"https:\/\/www.katolsk.no\/organisasjon\/mn\/Molde\">St. Sunniva kirke<\/a>&nbsp;i Molde.<\/p>\n\n\n\n<p>Hun kom til Molde og Norge i 1999 som en av tre grunnleggere av s\u00f8strenes kommunitet der.<\/p>\n\n\n\n<p>Superior for kommuniteten i perioden 10. juli 2006 &#8211; 5. november 2014.<\/p>\n\n\n\n<p>Privat:&nbsp;<img decoding=\"async\" src=\"https:\/\/www.katolsk.no\/grafikk\/adresse.gif\" alt=\"Adresse \">&nbsp;\u00abStella Maris\u00bb, Parkveien 23, 6413 Molde&nbsp;<img decoding=\"async\" src=\"https:\/\/www.katolsk.no\/grafikk\/telefon.gif\" alt=\"Telefon \">&nbsp;9089 2066<\/p>\n\n\n\n<div style=\"height:100px\" aria-hidden=\"true\" class=\"wp-block-spacer\"><\/div>\n\n\n\n<hr class=\"wp-block-separator has-alpha-channel-opacity\"\/>\n\n\n\n<div style=\"height:19px\" aria-hidden=\"true\" class=\"wp-block-spacer\"><\/div>\n\n\n\n<h2 class=\"wp-block-heading\" style=\"font-size:30px\"><strong>Sr. Victoria HORTILANA FONTELAR<\/strong> <a href=\"https:\/\/www.katolsk.no\/organisasjon\/norge\/ordener\/msht\"><strong>M.S.H.T.<\/strong><\/a><\/h2>\n\n\n\n<p>F\u00f8dt i Barcelona, Sorsogon\/Filippinene 1965.<\/p>\n\n\n\n<p>Privat:&nbsp;<img decoding=\"async\" src=\"https:\/\/www.katolsk.no\/grafikk\/adresse.gif\" alt=\"Adresse \">&nbsp;\u00abStella Maris\u00bb, Parkveien 23, 6413 Molde<\/p>\n\n\n\n<p><\/p>\n","protected":false},"excerpt":{"rendered":"<p>St. Sunniva katolske menighet, Molde org. 882.745.082 St. Sunniva kirkeParkveien 25, 6413 Molde 90802348 molde@katolsk.no Bankkontonummer: 4200 43 45252 602624 Sogneadministrator: P. Michael Fuh S.C.J tel: (+47) 476 86 253 P. Michael FUH, f\u00f8dt 1977 i Bamenda (Kamerun). Bachelor of Arts i teologi fra Saint Joseph\u2019s Theological Institute i Pietermaritzburg&nbsp;2010, og STB i teologi ved&nbsp;Saint Cyprian Theological Institute Yaound\u00e9 i 2014. Diakonviet juli 2014&nbsp;i Basilica of Mary Queen of Apostles i Yaound\u00e9, presteviet 7. februar 2015 i St John of God, Mile 4-Limb\u00e9. Tjenestegjorde&nbsp;som diakon i St Martin de Porres (Ndu) 2014\u20132015&nbsp; kapellan i St Mary\u2019s (Balikumbat) 2015\u20132017; kapellan i&#8230; <\/p>\n","protected":false},"author":1,"featured_media":0,"parent":0,"menu_order":0,"comment_status":"closed","ping_status":"open","template":"template-parts\/page-template-full-width.php","meta":{"footnotes":""},"class_list":["post-38","page","type-page","status-publish","hentry"],"_links":{"self":[{"href":"https:\/\/molde.katolsk.no\/index.php?rest_route=\/wp\/v2\/pages\/38","targetHints":{"allow":["GET"]}}],"collection":[{"href":"https:\/\/molde.katolsk.no\/index.php?rest_route=\/wp\/v2\/pages"}],"about":[{"href":"https:\/\/molde.katolsk.no\/index.php?rest_route=\/wp\/v2\/types\/page"}],"author":[{"embeddable":true,"href":"https:\/\/molde.katolsk.no\/index.php?rest_route=\/wp\/v2\/users\/1"}],"replies":[{"embeddable":true,"href":"https:\/\/molde.katolsk.no\/index.php?rest_route=%2Fwp%2Fv2%2Fcomments&post=38"}],"version-history":[{"count":55,"href":"https:\/\/molde.katolsk.no\/index.php?rest_route=\/wp\/v2\/pages\/38\/revisions"}],"predecessor-version":[{"id":881,"href":"https:\/\/molde.katolsk.no\/index.php?rest_route=\/wp\/v2\/pages\/38\/revisions\/881"}],"wp:attachment":[{"href":"https:\/\/molde.katolsk.no\/index.php?rest_route=%2Fwp%2Fv2%2Fmedia&parent=38"}],"curies":[{"name":"wp","href":"https:\/\/api.w.org\/{rel}","templated":true}]}}